{"id":14177,"date":"2022-09-23T22:06:38","date_gmt":"2022-09-23T20:06:38","guid":{"rendered":"https:\/?page_id=14177"},"modified":"2026-04-29T10:55:01","modified_gmt":"2026-04-29T08:55:01","slug":"forum-de-debats","status":"publish","type":"page","link":"https:\/\/la.fccsm.net\/es\/jornades-fccsm\/forum-de-debats\/","title":{"rendered":"Foro de Debates"},"content":{"rendered":"<h3><img decoding=\"async\" class=\"lazyload wp-image-14176 size-full alignleft\" src=\"https:\/\/la.fccsm.net\/wp-content\/uploads\/2022\/09\/forum1.jpg\" data-orig-src=\"https:\/\/la.fccsm.net\/wp-content\/uploads\/2022\/09\/forum1.jpg\" alt=\"\" width=\"350\" height=\"234\" srcset=\"data:image\/svg+xml,%3Csvg%20xmlns%3D%27http%3A%2F%2Fwww.w3.org%2F2000%2Fsvg%27%20width%3D%27350%27%20height%3D%27234%27%20viewBox%3D%270%200%20350%20234%27%3E%3Crect%20width%3D%27350%27%20height%3D%27234%27%20fill-opacity%3D%220%22%2F%3E%3C%2Fsvg%3E\" data-srcset=\"https:\/\/la.fccsm.net\/wp-content\/uploads\/2022\/09\/forum1-18x12.jpg 18w, https:\/\/la.fccsm.net\/wp-content\/uploads\/2022\/09\/forum1-200x134.jpg 200w, https:\/\/la.fccsm.net\/wp-content\/uploads\/2022\/09\/forum1-300x201.jpg 300w, https:\/\/la.fccsm.net\/wp-content\/uploads\/2022\/09\/forum1.jpg 350w\" data-sizes=\"auto\" data-orig-sizes=\"(max-width: 350px) 100vw, 350px\" \/><\/h3>\n<p style=\"text-align: justify;\">Programaci\u00f3n de un Foro de Debates (presenciales, h\u00edbridos o telem\u00e1ticos), en torno a temas de actualidad vinculados a la prevenci\u00f3n y atenci\u00f3n a la salud mental desde una perspectiva intersectorial, interinstitucional e interdisciplinaria.<\/p>\n<p style=\"text-align: justify;\">Con este nuevo espacio abierto de encuentro e intercambio, libre de todo compromiso o inter\u00e9s institucional o ideol\u00f3gico, queremos promover el an\u00e1lisis y discusi\u00f3n de temas diversos, que afectan a nuestra pr\u00e1ctica institucional e intervenci\u00f3n profesional. Proponemos un espacio de di\u00e1logo donde se pueda hablar de todo y con todos, desde el rigor y el respeto a los dem\u00e1s, con coincidencias y discrepancias.<\/p>\n<p style=\"text-align: justify;\">La programaci\u00f3n y conducci\u00f3n de las sesiones correr\u00e1n a cargo de las diferentes comisiones y grupos de trabajo actualmente en funcionamiento en la Fundaci\u00f3n CCSM, junto con el apoyo y colaboraci\u00f3n de los miembros de su Patronato y de los seis colegios profesionales, socios protectores de la Fundaci\u00f3n: el Colegio Oficial de Psicolog\u00eda de Catalu\u00f1a, el Colegio Oficial de Trabajo Social de Catalu\u00f1a, el Colegio Oficial de Enfermeras y Enfermeros de Catalu\u00f1a, el Colegio de Educadoras y Educadores de Catalu\u00f1a, el Colegio de Terapeutas Ocupacionales de Catalu\u00f1a y el Colegio de M\u00e9dicos de Barcelona.<\/p>\n<p>El programa de las sesiones de debate girar\u00e1 en torno a:<\/p>\n<ul>\n<li>Aspectos \u00e9ticos y psicosociales<\/li>\n<li>Propuestas de intervenci\u00f3n desde un modelo de salud mental comunitaria<\/li>\n<li>Temas relacionados con la salud mental de la infancia y la adolescencia<\/li>\n<li>Aspectos relacionados con la migraci\u00f3n y los procesos de acogida y acompa\u00f1amiento.<\/li>\n<li>Necesidades emergentes y nuevos modelos de intervenci\u00f3n.<\/li>\n<li>Entre otros.<\/li>\n<\/ul>\n<p>&nbsp;<\/p>\n<h4 style=\"text-align: left;\"><span style=\"color: #66a092;\">Objetivos<\/span><\/h4>\n<ul>\n<li>Fomentar un espacio de encuentro, debate e intercambio con los diferentes colectivos del sector.<\/li>\n<li>Contribuir a la mejora de la atenci\u00f3n de la salud mental en Catalu\u00f1a.<\/li>\n<li>Promover el an\u00e1lisis y la elaboraci\u00f3n de alternativas a situaciones de alta complejidad en salud mental.<\/li>\n<li>Defender los derechos de las personas que padecen enfermedades mentales, estudiar sus causas de exclusi\u00f3n y luchar contra el estigma.<\/li>\n<li>Promover un modelo comunitario en salud mental, de base territorial e interdisciplinar, basado en la comprensi\u00f3n de los fen\u00f3menos mentales y orientado a la prevenci\u00f3n.<\/li>\n<li>Establecer relaciones de intercambio y cooperaci\u00f3n con otros profesionales y organizaciones del sector.<\/li>\n<\/ul>\n<p>&nbsp;<\/p>\n<h4 style=\"text-align: left;\"><span style=\"color: #66a092;\">Destinatarios<\/span><\/h4>\n<ul>\n<li>Profesionales del \u00e1mbito de la salud mental: Enfermeras, trabajadores\/as sociales, m\u00e9dicos, psiquiatras, psic\u00f3logos\/as, educadores\/as sociales, terapeutas ocupacionales, otros.<\/li>\n<li>Colectivos profesionales de otros sectores: educaci\u00f3n, justicia, servicios sociales, entre otros.<\/li>\n<li>Usuarios en primera persona y sus familiares.<\/li>\n<li>Gestores y responsables de la administraci\u00f3n.<\/li>\n<li>Gerentes y representantes de entidades proveedoras en salud mental.<\/li>\n<li>Otros profesionales o agentes sociales interesados\/as.<\/li>\n<\/ul>\n<p>&nbsp;<\/p>\n<h4 style=\"text-align: left;\"><span style=\"color: #66a092;\">Programa<\/span><\/h4>\n<p>&gt;&gt;&gt;<a href=\"https:\/\/la.fccsm.net\/wp-content\/uploads\/2022\/12\/programa-forum-de-debats-2022.pdf\">Descargar programa<\/a><\/p>","protected":false},"excerpt":{"rendered":"<p>Programaci\u00f3 d\u2019un F\u00f2rum de Debats (presencials, h\u00edbrids o telem\u00e0tics), entorn a temes d\u2019actualitat vinculats a la prevenci\u00f3 i atenci\u00f3 a la salut mental des d\u2019una perspectiva intersectorial, interinstitucional i interdisciplin\u00e0ria. Amb aquest nou espai obert de trobada i intercanvi, lliure de tot comprom\u00eds o inter\u00e8s institucional o ideol\u00f2gic, volem promoure l\u2019an\u00e0lisi i discussi\u00f3 de temes  [&#8230;]<\/p>\n","protected":false},"author":1,"featured_media":0,"parent":320,"menu_order":0,"comment_status":"closed","ping_status":"closed","template":"","meta":{"_acf_changed":false,"footnotes":""},"class_list":["post-14177","page","type-page","status-publish","hentry"],"acf":[],"_links":{"self":[{"href":"https:\/\/la.fccsm.net\/es\/wp-json\/wp\/v2\/pages\/14177","targetHints":{"allow":["GET"]}}],"collection":[{"href":"https:\/\/la.fccsm.net\/es\/wp-json\/wp\/v2\/pages"}],"about":[{"href":"https:\/\/la.fccsm.net\/es\/wp-json\/wp\/v2\/types\/page"}],"author":[{"embeddable":true,"href":"https:\/\/la.fccsm.net\/es\/wp-json\/wp\/v2\/users\/1"}],"replies":[{"embeddable":true,"href":"https:\/\/la.fccsm.net\/es\/wp-json\/wp\/v2\/comments?post=14177"}],"version-history":[{"count":17,"href":"https:\/\/la.fccsm.net\/es\/wp-json\/wp\/v2\/pages\/14177\/revisions"}],"predecessor-version":[{"id":19815,"href":"https:\/\/la.fccsm.net\/es\/wp-json\/wp\/v2\/pages\/14177\/revisions\/19815"}],"up":[{"embeddable":true,"href":"https:\/\/la.fccsm.net\/es\/wp-json\/wp\/v2\/pages\/320"}],"wp:attachment":[{"href":"https:\/\/la.fccsm.net\/es\/wp-json\/wp\/v2\/media?parent=14177"}],"curies":[{"name":"wp","href":"https:\/\/api.w.org\/{rel}","templated":true}]}}

<h3><img decoding="async" class="lazyload wp-image-14176 size-full alignleft" src="https://la.fccsm.net/wp-content/uploads/2022/09/forum1.jpg" data-orig-src="https://la.fccsm.net/wp-content/uploads/2022/09/forum1.jpg" alt="" width="350" height="234" srcset="data:image/svg+xml,%3Csvg%20xmlns%3D%27http%3A%2F%2Fwww.w3.org%2F2000%2Fsvg%27%20width%3D%27350%27%20height%3D%27234%27%20viewBox%3D%270%200%20350%20234%27%3E%3Crect%20width%3D%27350%27%20height%3D%27234%27%20fill-opacity%3D%220%22%2F%3E%3C%2Fsvg%3E" data-srcset="https://la.fccsm.net/wp-content/uploads/2022/09/forum1-18x12.jpg 18w, https://la.fccsm.net/wp-content/uploads/2022/09/forum1-200x134.jpg 200w, https://la.fccsm.net/wp-content/uploads/2022/09/forum1-300x201.jpg 300w, https://la.fccsm.net/wp-content/uploads/2022/09/forum1.jpg 350w" data-sizes="auto" data-orig-sizes="(max-width: 350px) 100vw, 350px" /></h3>
<p style="text-align: justify;">Programación de un Foro de Debates (presenciales, híbridos o telemáticos), en torno a temas de actualidad vinculados a la prevención y atención a la salud mental desde una perspectiva intersectorial, interinstitucional e interdisciplinaria.</p>
<p style="text-align: justify;">Con este nuevo espacio abierto de encuentro e intercambio, libre de todo compromiso o interés institucional o ideológico, queremos promover el análisis y discusión de temas diversos, que afectan a nuestra práctica institucional e intervención profesional. Proponemos un espacio de diálogo donde se pueda hablar de todo y con todos, desde el rigor y el respeto a los demás, con coincidencias y discrepancias.</p>
<p style="text-align: justify;">La programación y conducción de las sesiones correrán a cargo de las diferentes comisiones y grupos de trabajo actualmente en funcionamiento en la Fundación CCSM, junto con el apoyo y colaboración de los miembros de su Patronato y de los seis colegios profesionales, socios protectores de la Fundación: el Colegio Oficial de Psicología de Cataluña, el Colegio Oficial de Trabajo Social de Cataluña, el Colegio Oficial de Enfermeras y Enfermeros de Cataluña, el Colegio de Educadoras y Educadores de Cataluña, el Colegio de Terapeutas Ocupacionales de Cataluña y el Colegio de Médicos de Barcelona.</p>
<p>El programa de las sesiones de debate girará en torno a:</p>
<ul>
<li>Aspectos éticos y psicosociales</li>
<li>Propuestas de intervención desde un modelo de salud mental comunitaria</li>
<li>Temas relacionados con la salud mental de la infancia y la adolescencia</li>
<li>Aspectos relacionados con la migración y los procesos de acogida y acompañamiento.</li>
<li>Necesidades emergentes y nuevos modelos de intervención.</li>
<li>Entre otros.</li>
</ul>
<p>&nbsp;</p>
<h4 style="text-align: left;"><span style="color: #66a092;">Objetivos</span></h4>
<ul>
<li>Fomentar un espacio de encuentro, debate e intercambio con los diferentes colectivos del sector.</li>
<li>Contribuir a la mejora de la atención de la salud mental en Cataluña.</li>
<li>Promover el análisis y la elaboración de alternativas a situaciones de alta complejidad en salud mental.</li>
<li>Defender los derechos de las personas que padecen enfermedades mentales, estudiar sus causas de exclusión y luchar contra el estigma.</li>
<li>Promover un modelo comunitario en salud mental, de base territorial e interdisciplinar, basado en la comprensión de los fenómenos mentales y orientado a la prevención.</li>
<li>Establecer relaciones de intercambio y cooperación con otros profesionales y organizaciones del sector.</li>
</ul>
<p>&nbsp;</p>
<h4 style="text-align: left;"><span style="color: #66a092;">Destinatarios</span></h4>
<ul>
<li>Profesionales del ámbito de la salud mental: Enfermeras, trabajadores/as sociales, médicos, psiquiatras, psicólogos/as, educadores/as sociales, terapeutas ocupacionales, otros.</li>
<li>Colectivos profesionales de otros sectores: educación, justicia, servicios sociales, entre otros.</li>
<li>Usuarios en primera persona y sus familiares.</li>
<li>Gestores y responsables de la administración.</li>
<li>Gerentes y representantes de entidades proveedoras en salud mental.</li>
<li>Otros profesionales o agentes sociales interesados/as.</li>
</ul>
<p>&nbsp;</p>
<h4 style="text-align: left;"><span style="color: #66a092;">Programa</span></h4>
<p>&gt;&gt;&gt;<a href="https://la.fccsm.net/wp-content/uploads/2022/12/programa-forum-de-debats-2022.pdf">Descargar programa</a></p>

<p>Programació d’un Fòrum de Debats (presencials, híbrids o telemàtics), entorn a temes d’actualitat vinculats a la prevenció i atenció a la salut mental des d’una perspectiva intersectorial, interinstitucional i interdisciplinària. Amb aquest nou espai obert de trobada i intercanvi, lliure de tot compromís o interès institucional o ideològic, volem promoure l’anàlisi i discussió de temes  [&#8230;]</p>
